tive of f**3/3 + 7*f**2/2 - 6*f + 1. Let l be m(-8). Suppose 0 = l*p + b - 374, -2*p - 4*b - 724 = -6*p. Is p a prime number?
False
Let m(g) = -2*g**2 + 3*g + 4. Let y be m(3). Let i = y - -5. Suppose i*p = 3*p - 117. Is p prime?
False
Let o(v) = 9*v + 3. Let c be o(-5). Let y = c + 169. Is y prime?
True
Let z = 2 - 0. Suppose 5*p - 8 = z. Suppose 0 = -s - 4*d + 83, 5*s + p*d = 237 + 106. Is s a composite number?
False
Suppose 0 = 6*a - 597 - 615. Is a a composite number?
True
Let v(r) = r**3 - 7*r**2 + 6*r + 4. Let n be v(6). Suppose -2*a = 4*w - 86, 3*a = -n*w - 28 + 151. Is a composite?
False
Let d = 1266 - -1244. Suppose b + 4*q = 507, -3*q - 2*q = -5*b + d. Is b prime?
True
Suppose -2*a + 4*q = -1850, 0 = a - 4*a + 3*q + 2790. Suppose a = g + g + s, 5*g + 5*s - 2330 = 0. Is g composite?
True
Let z = -8 - -8. Let n = 21 - z. Is n prime?
False
Let y be -1 + 2 + (-2 - -3). Suppose 0 = -o + 4*x + 207, -2*x - 812 = -4*o + y. Is o composite?
True
Suppose -4*y + 4*m = 12, -4*y + 0*y - 14 = -2*m. Let f be y - -3 - (0 + 72). Let d = f - -126. Is d prime?
True
Let k(b) = 23*b + 7. Is k(8) prime?
True
Let r(u) = -2*u**3 - 10*u**2 - u. Let i(x) = x**3 + x**2 - x - 1. Let o(b) = -i(b) - r(b). Let m = -8 - -1. Is o(m) composite?
True
Suppose -z - 2*d = -907, 3*d - 583 = -4*z + 3045. Suppose 0 = -q + 3. Suppose 132 = -3*y + t + z, t = -q*y + 767. Is y composite?
False
Suppose 7*x = 8*x - 19. Suppose 5*h - x = 276. Is h a prime number?
True
Is 21115/45 - (-6)/(-27) a composite number?
True
Suppose -2*g - y - y - 30 = 0, 2*g + 26 = -3*y. Is 6*g/(-2) + 2 a prime number?
True
Let d be (14/(-4))/((-1)/12). Let f be (1616/(-24))/(2/(-3)). Let v = f + d. Is v a composite number?
True
Let y(j) = 2*j**2 - 2*j + 4. Let a be y(3). Suppose -n + 5 = -z, n - 6*n = -2*z - a. Suppose 131 = 3*b - 4*h, n*b - 2*h = 4*b - 64. Is b composite?
False
Let m(h) = 5*h**3 + 2*h - 3. Let v be m(1). Let t(y) = -2*y - 9. Let f be t(-7). Suppose -f*i = j - 4*i - 111, 442 = v*j + 3*i. Is j a prime number?
True
Let x = -6 + 0. Let s = x - -10. Suppose -11 = -r + 2*c, s*r = 3*c - 2*c + 58. Is r a composite number?
True
Suppose 0 = -4*j - 2917 + 1153. Let r = j - -1018. Is r a composite number?
False
Let s(l) = l**3 - 6*l**2 - l + 13. Let y be s(6). Let c(z) = 2 - 2 + 5*z. Is c(y) composite?
True
Let j(f) = 2*f**2 + 4*f + 2. Let h be j(-3). Let m(z) = 9*z + 5. Is m(h) prime?
False
Let o be ((-4)/10)/((-3)/30). Suppose -9*c = -o*c - 10. Let d(y) = 61*y - 3. Is d(c) a composite number?
True
Suppose 0*p - 176 = -4*h + p, -2*p - 51 = -h. Is h composite?
False
Let g(t) = -t**2 + 1535. Is g(0) a prime number?
False
Suppose 2*s - 5*s - c = -20, 3*s - 5*c + 10 = 0. Let u be 7 + (s + 1)/(-3). Suppose -291 + 46 = -u*g. Is g a composite number?
True
Suppose z - 6*z = 3*c - 12, -3*c = 2*z - 3. Suppose d = -3*j - z*d + 330, 2*j - 3*d = 203. Is j composite?
True
Let s(l) = 19*l**2 - 9*l - 11. Is s(-8) a prime number?
True
Let z be 17*((4 - 19) + 2). Let h = 398 + z. Is h prime?
False
Suppose j - 447 = 311. Suppose 3*u = -4*a + j, 2*a + 0*u + 2*u = 380. Suppose 0 = -0*q + 2*q - 4*d - 78, 5*q - 3*d - a = 0. Is q a prime number?
True
Let w be (-32)/6 + 1/3. Let r(o) = -o**3 - 6*o**2 - 4*o + 5. Let g be r(w). Suppose 2*i + 0*i - 124 = -2*j, g = -i + 3*j + 50. Is i a prime number?
True
Suppose -4*g + 2*g + 658 = 0. Is g a composite number?
True
Let d = -3204 + 7049. Is d composite?
True
Let u = -2302 + 3393. Is u prime?
True
Let l(v) = 41*v + 6. Let p(z) = -2*z - 1. Let u be p(-4). Is l(u) a composite number?
False
Let j be 6/30 - (-294)/5. Suppose 25 = 5*b - 3*m, -b - 4*m - 12 - 6 = 0. Suppose b*g = g + j. Is g a prime number?
True
Let b = 23 - 77. Let h be 12/b + (-2)/(-9). Suppose h = -s - 6 + 73. Is s composite?
False
Suppose 4*y = 2*y - 3*a + 198, 297 = 3*y - a. Let x = y + 22. Is x a composite number?
True
Suppose 30 = -2*m - m. Let n = 6 + m. Is 1/n - 125/(-4) prime?
True
Let w = -5 + 6. Suppose 9 - w = 4*h. Suppose 0 = v + h*t - 161, 0 = -4*t - 0 - 4. Is v a prime number?
True
Let d(p) = 51*p**2 + 2*p - 4*p + 7*p**2 + 3*p. Is d(-1) prime?
False
Let h be 1/2*(15 + -5). Suppose 3*i + 256 = -h*w + 723, 3*w = 12. Is i composite?
False
Let h = 3 + 1. Suppose -142 = h*n - 722. Is n prime?
False
Let m = 14 + 10. Suppose 0 = -3*n - 3*w + 138 - m, -3*n + 109 = 2*w. Is n prime?
False
Suppose 0*z - 2*z + 890 = 0. Is z a composite number?
True
Is ((-18)/(-12))/(3/1706) a prime number?
True
Let g be (-175)/(-10) - 9/(-6). Suppose -2*a + g = -a. Is a a prime number?
True
Is 3 + (0 - -3) + -4 a composite number?
False
Let q be 0/(-2 - -1 - 1). Suppose -3*y - 82 + 463 = q. Is y a prime number?
True
Suppose -5*h + 2*f + 417 + 916 = 0, 4*f + 1064 = 4*h. Is h a composite number?
True
Let y(s) be the first derivative of -5*s**4/2 - 2*s**3 - 3*s**2/2 + s + 2. Is y(-4) a prime number?
True
Let m = 995 - 609. Is m composite?
True
Let d(t) = 450*t**2 - 6*t - 7. Is d(-1) a prime number?
True
Let u be (1 - -2) + -6 - -6. Let m(w) = 31*w - 2. Is m(u) a prime number?
False
Let l(i) = i**2 - i + 391. Is l(0) a composite number?
True
Suppose 0*g = 3*g. Is ((g - -51) + 2)*1 prime?
True
Suppose 2*o + f + 3*f + 690 = 0, -3*f + 1435 = -4*o. Let d = 662 + o. Is d a prime number?
True
Suppose 5135 = 8*s + 5*s. Is s a composite number?
True
Let o = 12 + -6. Is 268/(-6)*o/(-4) a composite number?
False
Let m(c) = -c**3 + 2*c**2 - c + 1. Suppose 1 = -4*p - 7. Is m(p) composite?
False
Suppose 2*n - v - 198 = 0, 6*n = n - v + 481. Suppose 0 = -0*l - l + n. Is l composite?
False
Suppose 4*h - 1 - 1 = -2*n, -4*n + 4*h - 32 = 0. Let f be 1/((6/(-4))/3). Is (n/3)/(f/18) a prime number?
False
Suppose 0 = 2*l + 2*l - 64. Suppose -2*r + 120 = 5*y, y + 0*r = -2*r + l. Is y a composite number?
True
Let f(w) = 264*w - 1. Is f(5) composite?
False
Is -2*382/8*-2 prime?
True
Let l(t) = -29*t - 3. Let q(z) = -z**2 - 2*z - 2. Let p be q(-2). Is l(p) composite?
True
Let i(n) = 423*n - 55. Is i(18) composite?
False
Suppose -3*t + 6 = -9. Suppose 0*n = -h - t*n - 12, n - 3 = 0. Let s = h + 40. Is s a composite number?
False
Let g be (118/(-3))/(20/(-30)). Let x = g - -6. Is x a prime number?
False
Let y = 21 + -14. Let n be (-1 - (1 + 0)) + y. Suppose -n*p + 92 = -3*t + 4*t, 2*p - 26 = -4*t. Is p a prime number?
True
Is 4409 - ((-24)/6 + 4) composite?
False
Suppose 5*g = j - 0*j - 482, -3*j - g + 1398 = 0. Is j composite?
False
Let k = -1 + 0. Is k + (3 - 2 - -89) prime?
True
Suppose -x + 16 = -4*d, 6*x + 5*d = x - 20. Suppose -r - 4*r + 170 = x. Is r a composite number?
True
Let q = 257 - 78. Suppose 5*d = -q + 49. Is (3/(-2) - 1)*d a composite number?
True
Let t = 55 + -30. Let j = t - 18. Is j composite?
False
Suppose 4*g - 5*j = 168, -2*g - 2*j + 210 = 3*g. Suppose 292 - g = l. Let b = l - 167. Is b composite?
False
Let f(d) = -2*d**2 + 3*d - 4. Let j be f(5). Let u = j - -22. Let q = u + 42. Is q prime?
False
Suppose 7*g - 2*g - 11175 = 0. Suppose -g = 7*s - 2*s. Is ((-8)/(-12))/((-2)/s) prime?
True
Let l = -35 + 67. Suppose 4*c + 2*o - l = 0, 5*c - 4*o = -3*o + 26. Suppose -2*n = -c*n - 5*b + 18, -5*n + 27 = 4*b. Is n composite?
False
Let o = -8 + 17. Let b = o + -2. Is b a prime number?
True
Suppose 3*a + 37 = 2*g, 0*a + a = -3*g - 16. Let p(j) = -j**2 + 4*j + 1. Let w be p(4). Is a*(0 - (w - 0)) a composite number?
False
Suppose -3*u - 424 = u. Suppose 2*t + 6 = 4*w - 0, 9 = w - 2*t. Is w/2 + u/(-4) composite?
True
Let h be 127 + -1*(0 + -1). Suppose -3*s + 3*z - 108 = 0, -2*z - 52 = s + s. Let o = s + h. Is o prime?
True
Let w = -2 - -5. Suppose -5*x + w*j + 80 = -j, x - 25 = -j. Suppose 6 + x = 2*m. Is m composite?
False
Suppose 0 = 5*w - 9 - 706. Let r = w - 90. Is r prime?
True
Let n = 22 + -2. Let l be (n/6)/((-10)/(-15)). Suppose 2*y + 99 = l*y. Is y a composite number?
True
Let k be -3 + 6/(-2 - 0). Let a be (-21)/(-4) - k/(-24). Suppose -2*y - 111 = -a*y. Is y composite?
False
Let u(j) = -2*j**3 - 11*j**2 - j + 9. Is u(-8) prime?
True
Suppose l - 4*b = 3, l - 5*b = 4*l - 26. Let r = l + -6. Is (67 + 1)/r + -3 composite?
True
Let k(m) = 56*m - 39. Is k(32) prime?
True
Suppose -6*u + u = -2270. Is u prime?
False
Let z = -43 + 94. Is z prime?
False
Let i(d) = 11*d**2 + 3*d + 3. Let k(v) = -v. Let g be k(3). Is i(g) prime?
False
Let g(x) =